- 1. Determine s(l).
-9
Let a(p) be the first derivative of -2 + 0*p**2 - p + 2/3*p**3. Calculate a(2).
7
Let f(t) be the second derivative of t**4/12 + t**3/2 - 2*t. Let w(b) = 2*b**3 + 10*b**2 + 2*b + 7. Let l be w(-5). Calculate f(l).
0
Let w be 19/(-5) + 8/(-40). Let z(d) = -d**3 - 5*d**2 - 4*d + 3. Let r be z(w). Let q(k) = 5*k + 0*k + 5*k - r*k. What is q(1)?
7
Let f(y) = -y + 1. Suppose 3*a = -0 - 3. Let q(u) = u**2 + 7*u + 1. Let x(m) = a*q(m) - 3*f(m). Determine x(-4).
-4
Let y(s) = 4*s**2 + 0*s**2 - 4 - 3*s - 3*s - 5*s**2. What is y(-6)?
-4
Let v(f) = -3*f**3 + 8*f**2 - 8*f - 4. Let d(u) = -4*u**3 + 8*u**2 - 9*u - 4. Let o(t) = -2*d(t) + 3*v(t). Give o(7).
3
Let w(b) = b**3 - b**2 + 5. Let g be (-2 - 0)/6*0. Calculate w(g).
5
Let r(m) = m + 3 - 2*m + 1. Suppose 4*h + 0*h + 17 = 3*y, 0 = -3*y - 3*h + 24. Suppose -t = -2*c + y, -2*c + c = 2*t - 11. Give r(t).
1
Let f = -94 + 90. Let r(w) = -w - 2. Calculate r(f).
2
Suppose 3*h - p - 11 = 0, 3*h - 13 - 10 = -2*p. Let q(a) = a**3 - 6*a**2 + 6*a - 2. Give q(h).
3
Let i(k) be the second derivative of -k**3/2 - 7*k**2/2 + 50*k. Let m be 1*(0/(-1) + -5). Determine i(m).
8
Let a = -3 + 5. Suppose u = -0*u - 2*t + 13, -u = -t + a. Let p(d) = -3*d + 0*d + 3 + d. Give p(u).
-3
Let i(z) = z**3 - 5*z**2 - z + 4. Let m be ((-14)/(-4))/((-1)/2). Let y = 11 + m. Let k = 1 + y. Determine i(k).
-1
Let v(r) = -2*r - 2. Suppose 3*j = -5*x + 11, 3*x = -4*j + 17 - 6. Calculate v(j).
-6
Let n(x) = x**3 - 2*x**2 - 2*x + 2. Suppose -3*v - 4 = -v. Let j = v + 5. Suppose s - 12 = -j*s. Determine n(s).
5
Let n(q) = -q**3 + 5*q**2 - 3*q. Let f be (-2 - (-4)/2)/(-1). Let l(g) = 6 - 2 + 0*g**3 + g**3. Let j be l(f). What is n(j)?
4
Let n(f) be the third derivative of -f**7/504 + f**5/120 - f**4/6 + 2*f**2. Let i(u) be the second derivative of n(u). What is i(1)?
-4
Let d(j) = -j**2 - 6*j. Let n(b) = b + 5. Suppose -20*w + 25*w = -50. Let u be n(w). Determine d(u).
5
Let w(f) be the second derivative of f**6/360 + f**5/24 - 2*f**3/3 + f. Let m(y) be the second derivative of w(y). Determine m(-4).
-4
Let a(l) = -5*l - 26. Let f be a(-5). Let u(w) = -6*w. Determine u(f).
6
Let r be (0/(-6))/(-1 - 1). Suppose 18 = 3*j - 4*s, -5*j + r = -2*s - 30. Let z(w) = -w**2 + 7*w - 3. Calculate z(j).
3
Let s be 4/(-14) - 27/(-21). Let o(c) = c**3 - c. Determine o(s).
0
Let y(p) = 4*p**3 - 1. Let c(o) = -o**3 - o - 1. Let n(d) = -c(d) + y(d). Suppose j - 5*j - 4 = 0. Give n(j).
-6
Let z(r) be the second derivative of r**5/20 + 7*r**4/12 + r**3/6 + 3*r**2/2 - 12*r. Calculate z(-7).
-4
Let r(g) = -g - 24. Let o be r(-18). Let c(z) = -5*z**3 - 9*z**2 + 4*z + 6. Let m(u) = u**3 + u**2 + u. Let y(i) = -c(i) - 4*m(i). Determine y(o).
6
Suppose 4*n = 8*n - 24. Let v(r) = 3*r**3 + 5*r**2 + 6*r + 2. Let d(z) = 2*z**3 + 5*z**2 + 6*z + 1. Let a(w) = -4*d(w) + 3*v(w). Give a(n).
2
Let h(f) = 10*f**2 + 9*f**2 + 2 - 20*f**2 + 4*f + 3. Calculate h(5).
0
Suppose 5*l = -h - 4, 3*l = -h - 3*h - 16. Let r(q) = -q + 2. Determine r(h).
6
Let g(r) be the first derivative of r**3/6 + r**2 - 3*r - 4. Let a(m) be the first derivative of g(m). What is a(-3)?
-1
Let p(l) = -l + 1. Let k be p(-1). Let h = k - -3. Let y(q) = q - 5. Let c be y(h). Let m(o) = o**2 + 2. Give m(c).
2
Let h(v) = v - 3 + 5 - 5. Let w be h(7). Suppose 5*s = w*q + 37, s + s = 2*q + 16. Let y(m) = m**3 + 3*m**2 + m - 3. Calculate y(q).
-6
Let j(h) = -h**2 - 2*h + 3. Suppose 0 = -2*p - 15 + 7. What is j(p)?
-5
Let p(s) = -14*s**3 + 2*s**2 + 4*s. Let n(m) = -5*m**3 + m**2 + m. Let c(o) = 11*n(o) - 4*p(o). Calculate c(-4).
4
Let x(z) = 2*z - 1. Suppose 4*s = -8, -4*j + 2*s + 10 = -s. Calculate x(j).
1
Let u(d) = -d - 7 - 3 + 4. Let z(w) = -w**2 - 7*w - 4. Suppose 3*c - 21 = 6*c. Let g be z(c). Give u(g).
-2
Suppose 15*s - 3*s = 84. Let n(m) = -m**3 + 7*m**2 + m - 8. Calculate n(s).
-1
Let u(s) = s**3 + 2*s**2 - 2*s. Suppose 4*v - 5*a = 16, -1 - 11 = 4*v + 2*a. Let w be (2/4)/(v/6). Let m be u(w). Let d(t) = -2*t. Determine d(m).
6
Suppose 0 = -5*t + 166 + 44. Suppose -62 - 15 = -4*k + 3*n, 2*k + 2*n - t = 0. Suppose v = -4*v + k. Let j(r) = r**3 - 5*r**2 + 6*r - 6. Give j(v).
2
Suppose -3*y + 56 = -y. Suppose y = c + c. Let t(k) = -14 + c + 4*k. What is t(1)?
4
Let z(m) be the second derivative of -m**3/6 + 7*m**2/2 + 26*m. Give z(0).
7
Let h(p) = 26 + 19 + 27 - p**2 - 8*p - 73. Calculate h(-7).
6
Let b(a) = 2*a - 1. Let g be (-3 + -1)*-2 - 4. Calculate b(g).
7
Let t = -3 + 6. Let y(p) = -t*p + 2*p + 0*p. Calculate y(4).
-4
Let m(w) = -2*w. Let j be ((-6)/(-10))/(4/20). Let b be (-2 - j/(-3)) + 5. Let y = b - -1. Determine m(y).
-10
Let l be 2*-1*1/(-2). Let w(n) be the second derivative of -n**6/240 + n**5/120 - n**4/4 - 8*n. Let u(q) be the third derivative of w(q). What is u(l)?
-2
Let b(d) = d + 4. Suppose -87 = -u - 2*u. Suppose -5*o = u + 21. Let g = o + 7. Determine b(g).
1
Let f be 2*-1 - 4/2. Let w = 3 + f. Let t(i) = -7*i**2 - i - 1. Let g(j) = 14*j**2 + 2*j + 2. Let r(y) = 3*g(y) + 7*t(y). What is r(w)?
-7
Let r(t) = 6*t + 1. Suppose 4*h + h = 0. Suppose h = -m + 17 - 16. What is r(m)?
7
Let l(w) = -w**2 + 4*w + 2. Let a be l(5). Let n(r) = -r**2 - r + 2. What is n(a)?
-4
Let p(w) = 5*w**3 + 4*w**2 + 5*w + 5. Let u(t) = -10*t**2 - 6*t - 5 - 6*t**3 - 1 + 0 + 6*t**2. Let o(a) = 5*p(a) + 4*u(a). Give o(-4).
-3
Let u(y) = y**2 + 4*y + 2. Let v = -2 + -2. Let x = -4 - v. Suppose -5*f - 6 - 14 = x. Determine u(f).
2
Let q = -13 - -21. Suppose 3*p = -p + q. Let o(d) = -1 - 4*d + d + 2*d + p*d. Give o(5).
4
Let y(w) = w**3 - 6*w**2 - 8*w + 8. Let s = 21 - 21. Suppose 0 = -4*r + 28 - s. Give y(r).
1
Let l(p) = -2*p + 7. Suppose 0 = -5*z - 0*z + 30. Determine l(z).
-5
Let y(l) = -l**3 + 5*l**2 - l + 3. Let r(d) = 2*d - 3. Let b(n) = -n + 2. Let o be b(8). Let a be r(o). Let x be (a/9)/1*-3. Give y(x).
-2
Let x = -19 - -26. Let l(i) = -i**2 + 5*i + 4. Give l(x).
-10
Suppose -4*u - 2 = 2. Let q = u - -1. Let z(p) = -p**3 - p**2 + p - 6. Give z(q).
-6
Let t = 2 + 1. Suppose -k = -s + 366, k = -t*s + 401 + 689. Let l be 4/18 + s/63. Let u(h) = h**3 - 6*h**2 + 2*h - 5. Give u(l).
7
Let z = 1 - 1. Suppose -4*r + 0*r + 3*o + 20 = 0, r - 5*o = 5. Let g be ((-1)/1 - z) + r. Let f(w) = -w**3 + 3*w**2 + 2*w + 5. Determine f(g).
-3
Let i(u) = -5*u + 6. Let a(v) = 2*v - 3. Let b(n) = -9*a(n) - 4*i(n). Suppose 3*q - 2*t = 17, -2*q + 4*q + 10 = -4*t. Determine b(q).
9
Let k(l) = 5*l + 3*l - 12*l - 1 + 3*l. Calculate k(1).
-2
Let f(s) = 5*s - 3. Let p(w) = -4*w + 3. Let m(j) = 5*f(j) + 6*p(j). Let t = 37 + -40. Give m(t).
0
Let n(p) = 4*p**3 + p**2 - 13*p + 13. Let h(w) = w**3 - 3*w + 3. Let t(b) = 9*h(b) - 2*n(b). Suppose -8*v - 1 = -17. Give t(v).
-1
Let r(y) = -y + 1. Let k be r(3). Let w = 5 - k. Let n = w + -13. Let j(a) = -a**3 - 5*a**2 + 6*a + 4. Give j(n).
4
Let x(n) = n**3 + 2*n**2 - 2*n - 2. Suppose -6 = -b - b. Let h = -5 + b. Give x(h).
2
Let w = -25 - -25. Suppose 4*j + f = -17, w*f + 13 = -3*j - f. Let p(u) = u**3 + 4*u**2 + 2*u + 5. Give p(j).
-3
Let c(i) be the first derivative of i**4/12 + 3*i**3/2 + 4*i**2 - 8. Let m(p) be the second derivative of c(p). What is m(-6)?
-3
Let b(m) = -m**3 - 5*m**2 - 2*m + 4. Let x = 77 - 81. What is b(x)?
-4
Suppose 2*m - 49 = -5*m. Let k(i) = -i**3 + 6*i**2 + 6*i + 5. What is k(m)?
-2
Let t = -10 + 11. Let r(u) = 6*u + t + 3 - u - u. Calculate r(-3).
-8
Let s(q) = 3*q**2 + q + 2. Let w be -3*(-4 - (1 + -2)). Let v(z) = z**2 - 11*z + 12. Let d be v(w). Let g be 48/(-22) - d/33. Determine s(g).
12
Let n(y) = y - 2*y + 4 - 4 - y**2. Let t(g) = -g - 6. Suppose 0 = -3*c - z - 15 - 1, 2 = z. Let s be t(c). Determine n(s).
0
Let q(g) = 3*g - 5. Let i(h) = -h - 6. Let w be i(-8). Suppose 2*d + w*p = 18, 5*d - 4*p = -5*p + 29. Determine q(d).
10
Let j(i) = -i - 6*i + 6*i. Let o(m) = -5*m**3 + m - 1. Let a be o(1). Let y = -3 - a. Calculate j(y).
-2
Let r(x) = x + 5*x**2 - 5*x**2 + 6*x**2. Let n = -1 + 2. What is r(n)?
7
Let t(c) = -5*c**3 + c**2 + c - 1. Let h be t(1). Let n(x) = x**2 + 25 + 2*x - 25. Determine n(h).
8
Let n(a) = -a - 17. Let w(k) = 3*k + 50. Let g(f) = -8*n(f) - 3*w(f). Let y be g(-7). Let q(m) = m**2 + 6*m - 7. Calculate q(y).
0
Let b(a) = a**2 + 5*a + 1. Let s = 0 + -3. Let n be -5*s*(-12)/45. Give b(n).
-3
Let w(b) = -7*b - 4. Let x(n